e 3.
1200002
Convert 2013 (base 4) to base 13.
a5
10644 (base 8) to base 13
2095
-11000100001001 (base 2) to base 11
-9482
Convert 9268 (base 10) to base 16.
2434
What is -1111000000110 (base 2) in base 12?
-4546
Convert -10496 (base 13) to base 5.
-1414420
-db (base 15) to base 11
-178
What is 10360 (base 7) in base 12?
15ba
-463 (base 7) to base 5
-1431
Convert c8a (base 13) to base 8.
4136
Convert b2 (base 14) to base 8.
234
-440 (base 11) to base 12
-380
What is -110010101011 (base 2) in base 4?
-302223
Convert 29e5 (base 15) to base 13.
4127
Convert 413 (base 8) to base 5.
2032
-1732 (base 10) to base 2
-11011000100
-111101 (base 2) to base 11
-56
Convert 669a (base 12) to base 2.
10110001010110
Convert 875 (base 11) to base 8.
2032
What is 1010001000011100 (base 2) in base 15?
c46a
Convert -1700 (base 9) to base 16.
-510
-221200 (base 3) to base 10
-693
Convert -3c8 (base 13) to base 14.
-35d
What is 2313 (base 5) in base 9?
410
Convert b57 (base 15) to base 10.
2557
12a2 (base 12) to base 11
1674
-41034 (base 5) to base 12
-1644
-3301 (base 4) to base 7
-463
2a99 (base 11) to base 2
111110001100
What is -10354 (base 13) in base 15?
-8977
Convert -3112 (base 4) to base 8.
-326
What is 44 (base 11) in base 7?
66
Convert -1230 (base 7) to base 12.
-326
9c50 (base 16) to base 11
28079
3831 (base 9) to base 14
1087
5d7e (base 15) to base 8
46717
2641 (base 8) to base 7
4126
-101112212 (base 3) to base 7
-31265
72421 (base 8) to base 6
350425
Convert 7428 (base 12) to base 16.
31a0
Convert -168 (base 16) to base 11.
-2a8
What is -1066 (base 12) in base 7?
-5160
Convert 413 (base 7) to base 11.
178
Convert -6125 (base 9) to base 6.
-32422
What is 7387 (base 9) in base 16?
1531
110111000 (base 2) to base 4
12320
What is 20ec (base 15) in base 16?
1b3c
What is 10101111 (base 2) in base 9?
214
What is -10111001001 (base 2) in base 3?
-2000212
What is -4531 (base 9) in base 14?
-1313
What is 7128 (base 16) in base 2?
111000100101000
760 (base 16) to base 8
3540
-1a92 (base 12) to base 5
-101103
Convert 3972 (base 13) to base 4.
2000031
What is 383 (base 9) in base 3?
102210
What is -21110 (base 5) in base 11?
-1068
What is b52 (base 14) in base 2?
100010110100
10111001110100 (base 2) to base 9
17273
Convert -16a (base 13) to base 2.
-100000001
What is -136643 (base 8) in base 14?
-13999
-1410 (base 10) to base 14
-72a
-110000001011000 (base 2) to base 12
-12334
Convert -1db (base 16) to base 14.
-25d
624 (base 13) to base 8
2024
Convert 2233303 (base 4) to base 2.
10101111110011
1119 (base 14) to base 3
11001202
-12617 (base 8) to base 11
-4168
-5011 (base 8) to base 4
-220021
What is -31322130 (base 4) in base 11?
-398a8
-1001000122 (base 3) to base 11
-14392
What is -1011001101000 (base 2) in base 7?
-22503
-10440 (base 5) to base 12
-521
Convert 214 (base 7) to base 5.
414
Convert -534514 (base 6) to base 10.
-43822
What is -ca83 (base 13) in base 10?
-28161
121312 (base 5) to base 13
2116
Convert -111332 (base 4) to base 5.
-21111
What is 643 (base 7) in base 5?
2300
-7ed (base 15) to base 7
-5146
What is 31131 (base 6) in base 8?
10077
Convert -35a9 (base 11) to base 4.
-1021231
What is -3a0 (base 11) in base 13?
-2a5
What is -586 (base 10) in base 8?
-1112
Convert -40405 (base 12) to base 5.
-10133100
Convert aa13 (base 11) to base 9.
21838
Convert b0 (base 16) to base 5.
1201
What is -165 (base 16) in base 8?
-545
-459 (base 16) to base 13
-678
111122211 (base 3) to base 2
10011011100110
-a3f (base 16) to base 14
-d55
Convert -1051 (base 6) to base 15.
-117
What is 3021 (base 6) in base 12?
471
Convert -653c (base 13) to base 8.
-33376
Convert 486 (base 10) to base 8.
746
-252521 (base 6) to base 2
-101100010000001
What is -122302 (base 5) in base 10?
-4702
What is -1596 (base 12) in base 13?
-1221
What is -10100000110001 (base 2) in base 5?
-312124
What is 665d (base 16) in base 11?
18763
-52 (base 16) to base 10
-82
Convert 82 (base 12) to base 9.
118
-25133 (base 6) to base 3
-12010010
540 (base 16) to base 8
2500
-552 (base 9) to base 15
-202
What is 1000111000111000 (base 2) in base 14?
d3a8
Convert -21400 (base 5) to base 12.
-a2b
What is 1001110001100 (base 2) in base 4?
1032030
What is 23a1 (base 14) in base 4?
1201021
What is 213012 (base 4) in base 14?
caa
What is -111200 (base 4) in base 14?
-704
Convert 239 (base 11) to base 3.
101112
121001011 (base 3) to base 4
2312233
What is -10757 (base 15) in base 9?
-78641
What is -10202002 (base 3) in base 13?
-131c
Convert -431243 (base 5) to base 2.
-11100011101101
What is -42c (base 14) in base 15?
-39e
-31222 (base 4) to base 6
-4014
-35005 (base 6) to base 8
-11555
What is -222 (base 9) in base 7?
-350
What is 5010 (base 12) in base 16?
21cc
What is -20102 (base 3) in base 15?
-b8
Convert 2e4 (base 15) to base 13.
3c1
What is 23121 (base 4) in base 6?
3213
-4401 (base 6) to base 2
-1111110001
Convert -1597 (base 12) to base 2.
-101000000011
What is 1111111000 (base 2) in base 13?
602
Convert 3500 (base 12) to base 13.
28c2
2912 (base 13) to base 14
2238
-224232 (base 5) to base 9
-12053
-d9e (base 15) to base 7
-11651
20222 (base 3) to base 13
116
6066 (base 14) to base 15
4d89
Convert -1462 (base 7) to base 10.
-583
What is -b020 (base 12) in base 11?
-13332
What is -6545 (base 15) in base 4?
-11033000
Convert -2023223 (base 4) to base 13.
-40b8
Convert -753b (base 14) to base 12.
-b869
1110021 (base 3) to base 8
2044
Convert 314012 (base 7) to base 11.
377a6
-a1c9 (base 13) to base 11
-15837
Convert -7c9 (base 13) to base 2.
-10101000100
6473 (base 8) to base 2
110100111011
Convert -117 (base 12) to base 7.
-322
Convert 1110010000001 (base 2) to base 16.
1c81
1414 (base 10) to base 8
2606
What is cd1 (base 15) in base 10?
2896
What is -1110111111011 (base 2) in base 16?
-1dfb
What is 21210 (base 3) in base 11?
181
162116 (base 7) to base 8
76331
2413 (base 5) to base 8
546
Convert -154411 (base 6) to base 11.
-10523
What is -318 (base 16) in base 4?
-30120
What is 3120 (base 6) in base 14?
37a
294 (base 15) to base 2
1001001101
Convert 1020012 (base 4) to base 6.
33210
What is -503d (base 14) in base 9?
-20805
10111100010 (base 2) to base 15
6a6
-1112210210 (base 3) to base 11
-20997
Convert 1001101011 (base 2) to base 13.
388
Convert -18 (base 12) to base 15.
-15
What is a59 (base 11) in base 13?
770
Convert -12010 (base 3) to base 10.
-138
200302 (base 4) to base 7
6055
-11110 (base 7) to base 8
-5360
-151 (base 13) to base 14
-12b
What is -3dc3 (base 16) in base 2?
-11110111000011
What is 56 (base 15) in base 7?
144
What is -1011111100011 (base 2) in base 10?
-6115
What is 4c (base 13) in base 16?
40
What is 1120 (base 6) in base 12?
1a0
Convert c304 (base 13) to base 11.
19212
Convert 10212121 (base 3) to base 6.
21024
baa (base 13) to base 2
11111001111
What is -31220 (base 4) in base 10?
-872
1b7b (base 15) to base 11
4534
11545 (base 6) to base 16
6b9
Convert 1311 (base 5) to base 8.
316
Convert 5125 (base 6) to base 13.
692
Convert -100110001111 (base 2) to base 10.
-2447
Convert 134 (base 7) to base 10.
74
Convert bdd (base 15) to base 2.
101001111011
2b5 (base 13) to base 4
13212
3c15 (base 16) to base 7
62562
100100121 (base 3) to base 12
3b44
What is 1032 (base 12) in base 16?
6e6
What is -1074 (base 12) in base 5?
-24231
Convert -2060 (base 14) to base 8.
-12704
What is 728 (base 10) in base 9?
888
1010 (base 5) to base 2
10000010
What is -1291 (base 13) in base 16?
-a5d
-17320 (base 12) to base 4
-20020020
10065 (base 11) to base 10
14712
What is 1e4 (base 16) in base 3?
122221
-202100021 (base 3) to base 9
-22307
1592 (base 11) to base 4
133311
Convert -1aad (base 14) to base 11.
-3716
-1007 (base 11) to base 6
-10110
Convert 10100010001001 (base 2) to base 11.
7884
Convert -2140 (base 15) to base 4.
-1231323
What is 3a71 (base 11) in base 3?
21020121
What is -17417 (base 14) in base 13?
-20797
Convert 3450 (base 8) to base 16.
728
750 (base 11) to base 4
32012
What is -1120 (base 10) in base 14?
-5a0
Convert -33112 (base 9) to base 2.
-101010111001010
What is -1265 (base 7) in base 10?
-488
Convert -13834 (base 10) to base 16.
-360a
What is 1e7 (base 16) in base 5?
3422
-1323 (base 7) to base 2
-111111011
-32b6 (base 12) to base 2
-1010111101010
Convert -2000 